*i - 14 + 3*i**2. Suppose 2*o + 9 - 21 = 0. What is k(o)?
3
Let k(c) = -9*c**2 + 17*c - 90. Let t(z) = 4*z**2 - 9*z + 50. Let b(a) = 5*k(a) + 9*t(a). Calculate b(-2).
-44
Let k(x) = 3*x**3 + 23*x**2 - 2*x - 17. Let l be k(-7). Let h(j) = 4 + 5 + l*j**3 - 2 - j + 5*j**2 - 94*j**3 - 5*j. Give h(-6).
7
Suppose -3*v = -4*u - 20, -243 = 5*v - 2*u - 267. Suppose -h + 2*b = -0*h - 6, h + 4*b = -6. Let r(j) = 0 + j**2 - h*j**2 + 2 + 7*j. Calculate r(v).
14
Let h(d) be the first derivative of d**3/3 + 27*d**2 - 113*d - 1787. Determine h(-56).
-1
Let g(r) = r - 11. Let h(j) = -1. Let l(w) = g(w) + 4*h(w). Let a = 2427 + -2414. Give l(a).
-2
Suppose 20*q - 6*q + 13*q - 81 = 0. Let m(i) = -7*i**2 - i - 6. Calculate m(q).
-72
Let z(x) = -5*x**2 + 16*x + 38. Let r(s) = -6*s**2 + 17*s + 39. Let u(f) = 6*r(f) - 7*z(f). What is u(-10)?
-32
Let z(x) = x**2 - 5*x + 33. Let h(u) = -3*u**2 + 15*u - 94. Let l = 906 - 889. Let j(g) = l*z(g) + 6*h(g). Let b be (1*3)/((-9)/(-24)). Determine j(b).
-27
Let p(d) = -16*d - 3. Let k(l) = 3*l + 1. Let g(c) = -6*k(c) - p(c). Suppose b + 15 = 6*b. Suppose 0 = -b*r + s - 18, 0*s = -3*r + 3*s - 24. Determine g(r).
7
Suppose 5*w = -3987 + 3927. Let h(u) = u**3 + 15*u**2 + 37*u + 17. Calculate h(w).
5
Let p(x) = -6*x - 2. Suppose -15*a = -9*a - 12. Let y be (-14)/a*(-46)/161. Suppose -y*h + 0 = 6. Determine p(h).
16
Let q(y) = y**3 - 26*y**2 + 2. Let j be q(26). Let g(s) = -7 + 8 - s**3 + 13 - 9*s**j - 1. Give g(-9).
13
Let l = -49 - -238. Let x = 189 - l. Let v(w) be the third derivative of w**5/60 - w**3 + 2*w**2. Determine v(x).
-6
Let i(t) = -24194 + 7*t**2 + 24188 - 11*t - 11*t**2. Calculate i(-2).
0
Let k(t) = t**2 + 5*t + 11. Let m be k(-4). Suppose -36 = -13*u + m*u. Let v(o) be the second derivative of o**3/3 - o**2 - 22*o. Give v(u).
10
Suppose -q + 45 = 2*q. Suppose 22*b - 8*b = 42. Let t(j) = 5*j**2 - 9 + 0*j**3 + q*j - 22*j + j**b. Determine t(-6).
-3
Let x(j) = 24*j**2 + 1. Let y be x(-1). Let o = 27 - y. Let h(a) be the third derivative of a**6/120 - a**5/15 + a**4/24 - a**3/3 + 8*a**2 - a. Determine h(o).
-8
Let b(a) = 20*a**2 - a + 1. Suppose -207*r + 19 = -188*r. Determine b(r).
20
Let y(a) = a**2 + 7*a + 5. Suppose 3*b + 6*l = 10*l + 276, -b + 92 = 5*l. Suppose 4*t = -f - 392, t - 6*f + 2*f = -115. Let w = t + b. Give y(w).
5
Let h(l) = -l - 19. Let j(i) = 4*i - 23. Let a be j(7). Suppose a*v - 96 = -2*q, 34 - 138 = -5*v + 2*q. Let n be ((-5)/v)/((-1)/(-2))*18. Give h(n).
-10
Suppose -58 + 30 = 4*h. Let a(d) = -11*d - 9*d + 14*d - 2*d + 0 - 10 + d**3 + 6*d**2. Determine a(h).
-3
Let q(h) = -15*h**2 - 2253 + 2247 + h - h**3 + 4*h**2. What is q(-12)?
126
Let i(r) = -r**2 - r + 1. Let h(p) = -19*p + 11 + 7*p**2 + 0*p**2 + p**3 - 17. Let c be h(-9). What is i(c)?
-11
Let k(z) = 11*z - 44. Let v(b) = -35*b + 125. Let l(g) = 17*k(g) + 6*v(g). Calculate l(-2).
48
Suppose 2 = -2*o - 2*j, 0 = -3*o - 2*j - 0*j - 7. Let d(h) = -43*h**2 - 2*h - 47*h**2 - 41*h**2 - 45*h**2 - 46*h**2 + 221*h**2. Give d(o).
-15
Let b(u) = -u + 4. Let d(h) = h**3 - 16*h**2 - 18*h + 19. Let m be d(17). Suppose m + 7 = -l + z, -l - 5 = z. Calculate b(l).
11
Let u(d) = 6*d**2 - 2. Let y be u(1). Let z(w) = -w**3 + 5*w**2 + 3*w - 25. Let c be z(y). Let k(q) = q**3 - q**2 - 2*q - 3. Give k(c).
9
Let r(f) = -10*f + 41. Let p(q) = 39*q - 164. Let b(y) = 6*p(y) + 23*r(y). What is b(12)?
7
Let b(r) = r**3 + 5*r**2 + 2*r - 6. Let f be (91/(-26))/((-2)/(-4)). Let p be ((-2)/4)/(621/(-90) - f). Give b(p).
-16
Let s = -22 - 60. Let q = 82 + s. Let m(z) = 2*z**3 - 4 + 0*z**3 - 3*z**3. What is m(q)?
-4
Let j(q) = -9*q - 15. Let a(s) = s**3 + 3*s**2 - 11*s - 24. Let l be a(-4). Let u(x) = 13*x + 14. Let g(w) = l*j(w) + 3*u(w). Calculate g(8).
6
Let o(h) = -h**2 + 4*h + 1. Let z be o(4). Let x(p) = 2*p + 6. Let i(b) = 2*b + 5. Let u(d) = -6*i(d) + 5*x(d). Determine u(z).
-2
Let s(c) = c**3 + 13*c**2 + 43*c + 3. Suppose -2*b = -2400*r + 2404*r + 28, -3*r - 21 = -3*b. Determine s(r).
-4
Let x(q) = 434*q - 215*q - 215*q - 47. Suppose 4*v = -3*j + 71, 0*v - 2*v + 4*j + 8 = 0. Calculate x(v).
9
Let c(s) = 21*s + 29*s + 25*s - 6*s**2 + 5 - 77*s + 0*s. Calculate c(5).
-155
Let q(t) = 24*t + 232. Let p(x) = 4*x + 36. Let d(o) = -32*p(o) + 5*q(o). Determine d(-4).
40
Let m = 133 - 118. Suppose -m*b + 14*b + 2 = 0. Let w(n) = -17*n + 12*n + 3 - n**b + 7*n. What is w(5)?
-12
Let u(n) = -100*n + 1. Let x(m) = 128*m. Let i(l) = -5*u(l) - 4*x(l). What is i(7)?
-89
Let y(x) be the third derivative of -1/6*x**3 - 1/60*x**5 - 5/24*x**4 + 0 + 2*x**2 - 62*x. What is y(-6)?
-7
Let u(w) = 16 - 3*w - 13 + w**2 - 4. Let f = -26 + 33. Suppose 3*g + 3 = 2*h + 4, 0 = -4*h + g - f. Determine u(h).
9
Let r(l) be the third derivative of -l**5/60 + l**4/6 - l**3/6 - 13463*l**2. Let z(s) = s + 7. Let m be z(-5). Determine r(m).
3
Let d be (1695/25)/((-2)/(-10)). Suppose 5*p - d = 121. Let c(r) = 4 - 88*r - 3 + r**2 + p*r. What is c(-4)?
1
Let g(w) = -w**3 - 27*w**2 - 20*w**2 + w - 3 + 45*w**2. Let f be -4*(-3)/12 - (-10 + 1). Suppose -4*d = -f*d - 18. Give g(d).
3
Let x(n) = -2*n**3 + 17*n**2 - 13*n + 6. Let o = -2569 - -2576. What is x(o)?
62
Let j(i) be the third derivative of i**6/720 + 7*i**5/60 - i**4/8 + 4*i**2. Let y(l) be the second derivative of j(l). Suppose -12*c + 9*c = 30. Calculate y(c).
4
Let h = -188 - -183. Let b(l) = -2*l**2 - 8*l - 5. Let r(i) = -1. Suppose -2*s + 9*s = 7. Let j(z) = s*b(z) - 2*r(z). Determine j(h).
-13
Let q(u) be the first derivative of u**3/3 - 7*u**2/2 - 4*u - 7652. Suppose -4*w = j - 3*w - 2, 3*j + 5*w = -4. Give q(j).
-4
Let h(s) be the first derivative of -34*s**3/3 - s**2/2 + 5. Let u be -4 + 0 - (-33)/11. Calculate h(u).
-33
Let x(k) be the first derivative of 3*k**2/2 - 44*k - 3618. Determine x(17).
7
Let k(y) = y - 1 - y**3 - 861*y**2 + 862*y**2 - 1 + 6. Give k(3).
-11
Let a(x) = 2*x**2 + 0*x**2 + 2*x + 1 - 3*x**2 - 21 + 9*x. Calculate a(8).
4
Let v(k) = 512 - 218 - 2*k - 323. Give v(-8).
-13
Let u(r) = -5*r**3 + 2*r**2 - 11*r - 16. Let p(h) = 9*h**3 - 5*h**2 + 22*h + 31. Let o(x) = 5*x - 46. Let q be o(8). Let t(j) = q*p(j) - 11*u(j). Give t(-9).
8
Let x(f) be the third derivative of 0*f + 1/24*f**4 + 0 - 7/6*f**3 + 40*f**2. What is x(6)?
-1
Let v be ((-3)/6)/(1 + (-28)/32). Let x(u) = -13*u + 7. Let i(s) = -6*s + 3. Let w(m) = 14*i(m) - 6*x(m). Determine w(v).
24
Let d = -32949 + 32950. Let g(o) be the second derivative of 0 - 5/2*o**3 - 2*o + 0*o**2. Determine g(d).
-15
Suppose -2*h = 3*j + 11, -3*h + 80*j - 11 = 79*j. Let i(q) = 3*q + q + 4 + 1 - 5*q. What is i(h)?
9
Let r(s) = -s**2 - 11*s - 23. Suppose 4*j - 86 = 5*u, -2*u - 4*j + 46 - 30 = 0. Calculate r(u).
-13
Let z(u) = 1. Let a(d) = -5*d + 15. Let s(o) = -a(o) - 2*z(o). Let t(i) = -2*i + 1. Let m(y) = s(y) + 3*t(y). What is m(-8)?
-6
Let g(k) = -14416 - 14412 + 28830 + 13*k. Determine g(-1).
-11
Suppose 4*m = 7*m - 3. Let z(d) be the first derivative of 0*d**2 - 4/3*d**3 + d + 75. Calculate z(m).
-3
Let a(c) = -3*c**3 + 29*c**2 - 32*c - 28. Let f(t) = -5*t**3 + 44*t**2 - 48*t - 42. Let z(y) = 8*a(y) - 5*f(y). Calculate z(-13).
25
Let d be (-22)/(-5) - (-18)/(-45). Let b be 14*(-1)/d*-2. Suppose 7*y = b*y + 3*y. Let q(x) = -x**2 - x + 15. Calculate q(y).
15
Let x be (-54)/(-21)*(-714)/(-1224). Let i(o) be the first derivative of 22 + x*o**2 + 2*o. Give i(-9).
-25
Let t(z) = -69 + 20*z + 23*z + 39 - 13*z + 272. Let y be t(-8). Let i(v) = -v**3 - 2*v**2 + 2*v - 3. What is i(y)?
-15
Let x(a) = a**3 - 4*a**2 - 6*a - 7. Suppose 42*w = -1909 - 863. Let i be 3/(-2)*220/w. Calculate x(i).
-12
Let f(b) be the third derivative of 19*b**4/24 - 463*b**3/6 - 6*b**2 - 167*b. Determine f(24).
-7
Let p(n) = 21*n - 136. Let k be p(7). Let j(y) = 10 - 2*y + 0*y - k + y**2. What is j(4)?
7
Let a(x) = 3*x**2 + 4*x - 49. Let j(u) = u**2 + u - 16. Let s(v) = 2*a(v) - 7*j(v). Let t = 77 + -73. Suppose -q = t*q - 4*q. Determine s(q).
14
Suppose -3*c + 36 = 3*t, -4*t + 4*c + 51 = 35. Let f(b) = -3*b - 12. What is f(t)?
-36
Let j(h) be the third derivative of 18*h**2 + 1/12*h**4 + 1/120*h**6 + 0 + h + 1/10*h**5 + 0*h**3. Suppose 0 = 4*i + k + 20, i + 3*k + 10 = 4*k. Determine j(i).
-12
Let w(d) be the first derivative of -38 + 10*d - 1/2*d**2. Determine w(7).
3
Let k(g) = 8*g - 3. Suppose -3*q = 10 - 0 + 